digit of 32547928?
2
What is the ten millions digit of 15091393?
1
What is the tens digit of 239008560?
6
What is the tens digit of 183885506?
0
What is the ten thousands digit of 43025113?
2
What is the hundreds digit of 223512388?
3
What is the tens digit of 970985802?
0
What is the units digit of 5844014920?
0
What is the ten thousands digit of 381820514?
2
What is the thousands digit of 25400464?
0
What is the hundred thousands digit of 1301853598?
8
What is the ten millions digit of 164616369?
6
What is the hundreds digit of 77169004?
0
What is the tens digit of 566014282?
8
What is the units digit of 111601134?
4
What is the ten thousands digit of 5234530336?
3
What is the hundred thousands digit of 253600113?
6
What is the tens digit of 162794860?
6
What is the units digit of 45126278?
8
What is the units digit of 901261157?
7
What is the ten thousands digit of 31553811?
5
What is the ten thousands digit of 2530300625?
0
What is the hundreds digit of 21223458?
4
What is the tens digit of 207622319?
1
What is the hundred millions digit of 1007595547?
0
What is the ten thousands digit of 488059994?
5
What is the ten millions digit of 5876271440?
7
What is the thousands digit of 98516627?
6
What is the millions digit of 214918340?
4
What is the tens digit of 183044871?
7
What is the hundred millions digit of 2601208891?
6
What is the hundred millions digit of 275057348?
2
What is the thousands digit of 50660598?
0
What is the units digit of 1170843608?
8
What is the millions digit of 23219612?
3
What is the millions digit of 5096873?
5
What is the millions digit of 181231982?
1
What is the thousands digit of 151366958?
6
What is the hundred thousands digit of 1582741107?
7
What is the units digit of 29421502?
2
What is the ten thousands digit of 231588487?
8
What is the millions digit of 2669273523?
9
What is the ten millions digit of 65301278?
6
What is the hundred thousands digit of 63653238?
6
What is the units digit of 44430642?
2
What is the millions digit of 11436636?
1
What is the thousands digit of 64483010?
3
What is the ten thousands digit of 64840386?
4
What is the ten thousands digit of 669892?
6
What is the hundreds digit of 10284739?
7
What is the millions digit of 207763108?
7
What is the ten millions digit of 56510864?
5
What is the thousands digit of 1861016372?
6
What is the ten thousands digit of 9049852993?
5
What is the hundred millions digit of 1514865713?
5
What is the hundreds digit of 2262791332?
3
What is the hundreds digit of 164524586?
5
What is the tens digit of 85859031?
3
What is the hundred thousands digit of 19704404?
7
What is the units digit of 15762238?
8
What is the hundreds digit of 1567549788?
7
What is the ten thousands digit of 206400225?
0
What is the ten thousands digit of 286094110?
9
What is the hundred thousands digit of 100009514?
0
What is the ten millions digit of 994256893?
9
What is the ten thousands digit of 194269716?
6
What is the thousands digit of 73068261?
8
What is the tens digit of 55049719?
1
What is the ten thousands digit of 129506309?
0
What is the ten thousands digit of 1734518?
3
What is the hundred millions digit of 351072766?
3
What is the ten millions digit of 20497753?
2
What is the thousands digit of 426416103?
6
What is the hundred thousands digit of 82982802?
9
What is the thousands digit of 290264667?
4
What is the hundreds digit of 3884369212?
2
What is the hundred thousands digit of 262358401?
3
What is the thousands digit of 18697811?
7
What is the billions digit of 8266088696?
8
What is the ten thousands digit of 34445628?
4
What is the hundreds digit of 157985891?
8
What is the ten thousands digit of 168371078?
7
What is the tens digit of 1706935401?
0
What is the thousands digit of 12640174?
0
What is the ten thousands digit of 53636357?
3
What is the ten millions digit of 261959601?
6
What is the hundreds digit of 26277069?
0
What is the hundreds digit of 110558046?
0
What is the ten millions digit of 4078423614?
7
What is the thousands digit of 21544592?
4
What is the hundreds digit of 454908717?
7
What is the ten millions digit of 59429322?
5
What is the hundreds digit of 316306369?
3
What is the hundreds digit of 1555391535?
5
What is the hundred thousands digit of 278262925?
2
What is the ten millions digit of 166077541?
6
What is the ten thousands digit of 40364358?
6
What is the tens digit of 637580651?
5
What is the tens digit of 611457543?
4
What is the tens digit of 4330788583?
8
What is the hundreds digit of 125343557?
5
What is the millions digit of 1964059644?
4
What is the ten thousands digit of 2285380275?
8
What is the hundred thousands digit of 685752574?
7
What is the hundred millions digit of 104280602?
1
What is the units digit of 2239314722?
2
What is the units digit of 14832404?
4
What is the hundred millions digit of 177010255?
1
What is the thousands digit of 201852344?
2
What is the tens digit of 870963776?
7
What is the hundreds digit of 1255751235?
2
What is the millions digit of 7691232?
7
What is the thousands digit of 292023594?
3
What is the thousands digit of 99919562?
9
What is the millions digit of 66035014?
6
What is the millions digit of 41709202?
1
What is the ten millions digit of 11129636?
1
What is the units digit of 132415679?
9
What is the ten millions digit of 35078296?
3
What is the hundred millions digit of 1647312802?
6
What is the millions digit of 101327365?
1
What is the ten millions digit of 37105793?
3
What is the units digit of 432489797?
7
What is the billions digit of 4295563642?
4
What is the millions digit of 25691586?
5
What is the units digit of 253801674?
4
What is the hundred thousands digit of 2273496281?
4
What is the hundred thousands digit of 19611749?
6
What is the hundred thousands digit of 2461865879?
8
What is the hundred millions digit of 224981157?
2
What is the ten millions digit of 513561979?
1
What is the ten thousands digit of 1721939295?
3
What is the units digit of 258242365?
5
What is the units digit of 366078569?
9
What is the ten thousands digit of 1254006502?
0
What is the hundreds digit of 1676524735?
7
What is the millions digit of 445690706?
5
What is the ten thousands digit of 144711751?
1
What is the hundreds digit of 5510361?
3
What is the units digit of 113294637?
7
What is the thousands digit of 1316935906?
5
What is the hundreds digit of 100545512?
5
What is the hundred millions digit of 1207760249?
2
What is the ten millions digit of 105227918?
0
What is the tens digit of 32254288?
8
What is the millions digit of 299099211?
9
What is the ten millions digit of 118931361?
1
What is the billions digit of 1052664219?
1
What is the millions digit of 1687071862?
7
What is the thousands digit of 12424394?
4
What is the hundred thousands digit of 6867019022?
0
What is the units digit of 1019294529?
9
What is the hundred thousands digit of 34116328?
1
What is the hundred thousands digit of 134452539?
4
What is the hundred thousands digit of 249087272?
0
What is the hundred millions digit of 115466366?
1
What is the millions digit of 118175162?
8
What is the millions digit of 1171859090?
1
What is the units digit of 1676531556?
6
What is the ten thousands digit of 189942472?
4
What is the thousands digit of 1578067968?
7
What is the billions digit of 5042386771?
5
What is the tens digit of 29599719?
1
What is the millions digit of 1407091459?
7
What is the hundred millions digit of 2641505797?
6
What is the hundreds digit of 344890974?
9
What is the ten millions digit of 1656685195?
5
What is the hundred thousands digit of 17414836?
4
What is the thousands digit of 1702698988?
8
What is the ten millions digit of 39836192?
3
What is the millions digit of 81721936?
1
What is the thousands digit of 154576422?
6
What is the hundreds digit of 1930545?
5
What is the hundreds digit of 953591746?
7
What is the hundreds digit of 204553115?
1
What is the thousands digit of 113833053?
3
What is the tens digit of 340120434?
3
What is the units digit of 2430425003?
3
What is the units digit of 30496147?
7
What is the units digit of 31546120?
0
What is the millions digit of 2442720349?
2
What is the hundred millions digit of 1257219038?
2
What is the hundred millions digit of 269218131?
2
Wha